{"id":1418,"date":"2024-05-17T14:24:40","date_gmt":"2024-05-17T14:24:40","guid":{"rendered":"https:\/\/jouets-vintages.fr\/?page_id=1418"},"modified":"2024-12-19T18:36:34","modified_gmt":"2024-12-19T18:36:34","slug":"pop-culture-new-retrowave-et-nostalgie-des-annees-80","status":"publish","type":"page","link":"https:\/\/jouets-vintages.fr\/?page_id=1418","title":{"rendered":"POP CULTURE                              NEW RETRO WAVE                          ET NOSTALGIE DES ANNEES 80 !"},"content":{"rendered":"\n<p class=\"has-dark-gray-color has-text-color has-background has-link-color wp-elements-475fa0796c5cb989b1a252e64bfdb512\" style=\"background:linear-gradient(135deg,rgb(6,147,227) 0%,rgb(255,255,255) 56%,rgb(155,81,224) 100%);font-style:normal;font-weight:800\">Nous ne pouvions pas passer \u00e0 c\u00f4t\u00e9 de ce nouveau ph\u00e9nom\u00e8ne qui \u00e0 d\u00e9but\u00e9 Outre Atlantique  \u00e0 la fin des ann\u00e9es 2000 et qui commence d\u00e9sormais \u00e0 gagner un tr\u00e8s large public .<\/p>\n\n\n\n<p class=\"has-dark-gray-color has-text-color has-background has-link-color wp-elements-fa44ab482d5f71f5c2228c49d1c2fcb6\" style=\"background:linear-gradient(135deg,rgb(6,147,227) 0%,rgb(255,255,255) 56%,rgb(155,81,224) 100%);font-style:normal;font-weight:800\">Le ph\u00e9nom\u00e8me NewRetroWave c&rsquo;est les nouvelles g\u00e9n\u00e9rations qui font revivres les 80&rsquo;s \u00e0 travers des musiques aux accents synth\u00e9 et une passion d\u00e9bordante pour toute la popculture et ses \u00eecones .<\/p>\n\n\n\n<p class=\"has-dark-gray-color has-text-color has-background has-link-color wp-elements-ad9b6bf75267aa3224c5d217dd820669\" style=\"background:linear-gradient(135deg,rgb(6,147,227) 0%,rgb(255,255,255) 56%,rgb(155,81,224) 100%);font-style:normal;font-weight:800\">Notre site vous encourage chaudement \u00e0 cliquez sur les images suivantes qui vous feront certainement revenir vers nos souvenirs d&rsquo;enfance mais aussi vous connecter \u00e0 ce mouvement encore underground d&rsquo;une nouvelle pop culture enracin\u00e9e dans la nostalgie de nos jeunes ann\u00e9es ! De la musique , des reprises d&rsquo;extrait de films avec des musiques electriques new wave et pop vous attendent e &#8230;.bon voyage entre deux \u00e9poques qui se retrouvent !<\/p>\n\n\n\n<figure class=\"wp-block-gallery has-nested-images columns-default is-cropped wp-block-gallery-1 is-layout-flex wp-block-gallery-is-layout-flex\">\n<figure class=\"wp-block-image size-large\"><a href=\"https:\/\/www.youtube.com\/@NRWRecordsOfficial\" target=\"_blank\" rel=\"noreferrer noopener\"><img loading=\"lazy\" decoding=\"async\" width=\"320\" height=\"180\" data-id=\"1419\" src=\"https:\/\/jouets-vintages.fr\/wp-content\/uploads\/2024\/05\/th-1.jpg\" alt=\"\" class=\"wp-image-1419\" srcset=\"https:\/\/jouets-vintages.fr\/wp-content\/uploads\/2024\/05\/th-1.jpg 320w, https:\/\/jouets-vintages.fr\/wp-content\/uploads\/2024\/05\/th-1-300x169.jpg 300w\" sizes=\"auto, (max-width: 320px) 100vw, 320px\" \/><\/a><\/figure>\n\n\n\n<figure class=\"wp-block-image size-large\"><a href=\"https:\/\/www.youtube.com\/@NewRetroWave\" target=\"_blank\" rel=\"noreferrer noopener\"><img loading=\"lazy\" decoding=\"async\" width=\"251\" height=\"180\" data-id=\"1420\" src=\"https:\/\/jouets-vintages.fr\/wp-content\/uploads\/2024\/05\/th-2.jpg\" alt=\"\" class=\"wp-image-1420\"\/><\/a><\/figure>\n\n\n\n<figure class=\"wp-block-image size-large\"><a href=\"https:\/\/www.youtube.com\/@RetrowaveCinema\" target=\"_blank\" rel=\"noreferrer noopener\"><img loading=\"lazy\" decoding=\"async\" width=\"180\" height=\"180\" data-id=\"1425\" src=\"https:\/\/jouets-vintages.fr\/wp-content\/uploads\/2024\/05\/th-4.jpg\" alt=\"\" class=\"wp-image-1425\" srcset=\"https:\/\/jouets-vintages.fr\/wp-content\/uploads\/2024\/05\/th-4.jpg 180w, https:\/\/jouets-vintages.fr\/wp-content\/uploads\/2024\/05\/th-4-150x150.jpg 150w\" sizes=\"auto, (max-width: 180px) 100vw, 180px\" \/><\/a><\/figure>\n<\/figure>\n\n\n\n<figure class=\"wp-block-gallery has-nested-images columns-default is-cropped wp-block-gallery-2 is-layout-flex wp-block-gallery-is-layout-flex\">\n<figure class=\"wp-block-image size-large\"><a href=\"https:\/\/www.kickstarter.com\/projects\/hrpao\/the-80s-a-pop-culture-special-full-length-docu-musical\" target=\"_blank\" rel=\"noreferrer noopener\"><img loading=\"lazy\" decoding=\"async\" width=\"627\" height=\"375\" data-id=\"1426\" src=\"https:\/\/jouets-vintages.fr\/wp-content\/uploads\/2024\/05\/kickstarter-vintage-tribute-pao-.png\" alt=\"\" class=\"wp-image-1426\" srcset=\"https:\/\/jouets-vintages.fr\/wp-content\/uploads\/2024\/05\/kickstarter-vintage-tribute-pao-.png 627w, https:\/\/jouets-vintages.fr\/wp-content\/uploads\/2024\/05\/kickstarter-vintage-tribute-pao--300x179.png 300w\" sizes=\"auto, (max-width: 627px) 100vw, 627px\" \/><\/a><\/figure>\n<\/figure>\n\n\n\n<p class=\"has-text-align-center has-yellow-color has-text-color has-background has-link-color wp-elements-6c93dfd0a97aed190c5122d352bf34af\" style=\"background:linear-gradient(135deg,rgb(227,7,119) 3%,rgb(155,81,224) 100%);font-style:normal;font-weight:700\">The vintage tribute est une cha\u00eene sur Youtube incroyableen plein dans ce mouvement global qui secoue la jeunesse US et notre jeunesse perdue , en cr\u00e9ant des vid\u00e9os \u00ab\u00a0m\u00e9moriabilia\u00a0\u00bb sur les ann\u00e9es pop . Plusieures centaines de milliers de vues d\u00e9j\u00e0 et un projet incroyable en kickstarter pour la cr\u00e9ation d&rsquo;un documentaire musical de plus de 2h pour une diffusion sur les r\u00e9seaux sociaux et un grand service de streaming par abonnement bien connu ! Participez \u00e0 cette aventure en rejoignant la communeaute de la Vintage Tribute<\/p>\n\n\n\n<h2 class=\"wp-block-heading has-text-align-center\">Cliquez sur les images pour un lien direct !<\/h2>\n\n\n<div class=\"wp-block-image\">\n<figure class=\"aligncenter size-full\"><a href=\"https:\/\/youtu.be\/Z0eflYLkI4A\" target=\"_blank\" rel=\"noreferrer noopener\"><img loading=\"lazy\" decoding=\"async\" width=\"320\" height=\"180\" src=\"https:\/\/jouets-vintages.fr\/wp-content\/uploads\/2024\/05\/vintage-tribute.jpg\" alt=\"\" class=\"wp-image-1439\" srcset=\"https:\/\/jouets-vintages.fr\/wp-content\/uploads\/2024\/05\/vintage-tribute.jpg 320w, https:\/\/jouets-vintages.fr\/wp-content\/uploads\/2024\/05\/vintage-tribute-300x169.jpg 300w\" sizes=\"auto, (max-width: 320px) 100vw, 320px\" \/><\/a><\/figure>\n<\/div>\n\n<div class=\"wp-block-image\">\n<figure class=\"aligncenter size-full is-resized\"><a href=\"https:\/\/www.youtube.com\/@thevintagetribute\"><img loading=\"lazy\" decoding=\"async\" width=\"474\" height=\"78\" src=\"https:\/\/jouets-vintages.fr\/wp-content\/uploads\/2024\/05\/th-8-1.jpg\" alt=\"\" class=\"wp-image-1430\" style=\"width:261px;height:auto\" srcset=\"https:\/\/jouets-vintages.fr\/wp-content\/uploads\/2024\/05\/th-8-1.jpg 474w, https:\/\/jouets-vintages.fr\/wp-content\/uploads\/2024\/05\/th-8-1-300x49.jpg 300w\" sizes=\"auto, (max-width: 474px) 100vw, 474px\" \/><\/a><\/figure>\n<\/div>\n\n\n<figure class=\"wp-block-gallery has-nested-images columns-default is-cropped wp-block-gallery-3 is-layout-flex wp-block-gallery-is-layout-flex\">\n<figure class=\"wp-block-image size-large\"><a href=\"https:\/\/www.youtube.com\/watch?v=PZfMqbiuLpU\" target=\"_blank\" rel=\"noreferrer noopener\"><img loading=\"lazy\" decoding=\"async\" width=\"246\" height=\"138\" data-id=\"1445\" src=\"https:\/\/jouets-vintages.fr\/wp-content\/uploads\/2024\/05\/nina-1-1.webp\" alt=\"\" class=\"wp-image-1445\"\/><\/a><figcaption class=\"wp-element-caption\">NINA the queen of the<a href=\"https:\/\/youtu.be\/7rCzIwlX8Dg?list=PLVbQ4h48z-AsFpZI_-pmro8XXM2zHy5lv\" data-type=\"link\" data-id=\"https:\/\/youtu.be\/7rCzIwlX8Dg?list=PLVbQ4h48z-AsFpZI_-pmro8XXM2zHy5lv\">https:\/\/youtu.be\/7rCzIwlX8Dg?list=PLVbQ4h48z-AsFpZI_-pmro8XXM2zHy5lv<\/a> Retro wave !<\/figcaption><\/figure>\n\n\n\n<figure class=\"wp-block-image size-large\"><a href=\"https:\/\/www.youtube.com\/watch?v=pl0U9q_K7HU&amp;list=PLVbQ4h48z-AsFpZI_-pmro8XXM2zHy5lv&amp;index=6\" target=\"_blank\" rel=\"noreferrer noopener\"><img loading=\"lazy\" decoding=\"async\" width=\"168\" height=\"94\" data-id=\"1443\" src=\"https:\/\/jouets-vintages.fr\/wp-content\/uploads\/2024\/05\/artistes-elevate-sky-1.webp\" alt=\"\" class=\"wp-image-1443\"\/><\/a><figcaption class=\"wp-element-caption\">toute la team Newretrowave UK : <br \/>Elevate The <a href=\"https:\/\/youtu.be\/pl0U9q_K7HU?list=PLVbQ4h48z-AsFpZI_-pmro8XXM2zHy5lv\" data-type=\"link\" data-id=\"https:\/\/youtu.be\/pl0U9q_K7HU?list=PLVbQ4h48z-AsFpZI_-pmro8XXM2zHy5lv\">https:\/\/youtu.be\/pl0U9q_K7HU?list=PLVbQ4h48z-AsFpZI_-pmro8XXM2zHy5lv<\/a>Sky &#8211; We Are The Dreamers feat. Michael Oakley<\/figcaption><\/figure>\n\n\n\n<figure class=\"wp-block-image size-large\"><a href=\"https:\/\/www.youtube.com\/watch?v=ri9IefTuNzc&amp;pp=ygUHZ3Vuc2hpcA%3D%3D\" target=\"_blank\" rel=\"noreferrer noopener\"><img loading=\"lazy\" decoding=\"async\" width=\"246\" height=\"138\" data-id=\"1444\" src=\"https:\/\/jouets-vintages.fr\/wp-content\/uploads\/2024\/05\/gunship-1.webp\" alt=\"\" class=\"wp-image-1444\"\/><\/a><figcaption class=\"wp-element-caption\">GUNSHIP<a href=\"https:\/\/youtu.be\/ri9IefTuNzc?list=PLVbQ4h48z-AsFpZI_-pmro8XXM2zHy5lv\" data-type=\"link\" data-id=\"https:\/\/youtu.be\/ri9IefTuNzc?list=PLVbQ4h48z-AsFpZI_-pmro8XXM2zHy5lv\">https:\/\/youtu.be\/ri9IefTuNzc?list=PLVbQ4h48z-AsFpZI_-pmro8XXM2zHy5lv<\/a> &#8211; When You Grow Up, Your Heart Dies<\/figcaption><\/figure>\n<\/figure>\n\n\n\n<figure class=\"wp-block-embed aligncenter is-type-video is-provider-youtube wp-block-embed-youtube wp-embed-aspect-16-9 wp-has-aspect-ratio\"><div class=\"wp-block-embed__wrapper\">\n<iframe loading=\"lazy\" title=\"Just Scott - Tonight She Comes (feat. Shred Krueger) \/ RetroSynth Records\" width=\"604\" height=\"340\" src=\"https:\/\/www.youtube.com\/embed\/glVAF4YkvPM?feature=oembed\" frameborder=\"0\" allow=\"accelerometer; autoplay; clipboard-write; encrypted-media; gyroscope; picture-in-picture; web-share\" referrerpolicy=\"strict-origin-when-cross-origin\" allowfullscreen><\/iframe>\n<\/div><\/figure>\n","protected":false},"excerpt":{"rendered":"<p>Nous ne pouvions pas passer \u00e0 c\u00f4t\u00e9 de ce nouveau ph\u00e9nom\u00e8ne qui \u00e0 d\u00e9but\u00e9 Outre Atlantique \u00e0 la fin des ann\u00e9es 2000 et qui commence d\u00e9sormais \u00e0 gagner un tr\u00e8s large public . Le ph\u00e9nom\u00e8me NewRetroWave c&rsquo;est les nouvelles g\u00e9n\u00e9rations qui font revivres les 80&rsquo;s \u00e0 travers des musiques aux accents synth\u00e9 et une passion &hellip; <a href=\"https:\/\/jouets-vintages.fr\/?page_id=1418\" class=\"more-link\">Continuer la lecture de <span class=\"screen-reader-text\">POP CULTURE                              NEW RETRO WAVE                          ET NOSTALGIE DES ANNEES 80 !<\/span> <span class=\"meta-nav\">&rarr;<\/span><\/a><\/p>\n","protected":false},"author":1,"featured_media":0,"parent":0,"menu_order":0,"comment_status":"closed","ping_status":"closed","template":"","meta":{"footnotes":""},"class_list":["post-1418","page","type-page","status-publish","hentry"],"_links":{"self":[{"href":"https:\/\/jouets-vintages.fr\/index.php?rest_route=\/wp\/v2\/pages\/1418","targetHints":{"allow":["GET"]}}],"collection":[{"href":"https:\/\/jouets-vintages.fr\/index.php?rest_route=\/wp\/v2\/pages"}],"about":[{"href":"https:\/\/jouets-vintages.fr\/index.php?rest_route=\/wp\/v2\/types\/page"}],"author":[{"embeddable":true,"href":"https:\/\/jouets-vintages.fr\/index.php?rest_route=\/wp\/v2\/users\/1"}],"replies":[{"embeddable":true,"href":"https:\/\/jouets-vintages.fr\/index.php?rest_route=%2Fwp%2Fv2%2Fcomments&post=1418"}],"version-history":[{"count":23,"href":"https:\/\/jouets-vintages.fr\/index.php?rest_route=\/wp\/v2\/pages\/1418\/revisions"}],"predecessor-version":[{"id":1529,"href":"https:\/\/jouets-vintages.fr\/index.php?rest_route=\/wp\/v2\/pages\/1418\/revisions\/1529"}],"wp:attachment":[{"href":"https:\/\/jouets-vintages.fr\/index.php?rest_route=%2Fwp%2Fv2%2Fmedia&parent=1418"}],"curies":[{"name":"wp","href":"https:\/\/api.w.org\/{rel}","templated":true}]}}